housands digit of 19502642?
5
What is the ten thousands digit of 1075591183?
9
What is the hundred thousands digit of 271650630?
6
What is the units digit of 3578066788?
8
What is the ten millions digit of 25081108?
2
What is the ten thousands digit of 810564034?
6
What is the tens digit of 419325635?
3
What is the billions digit of 1504873144?
1
What is the hundred millions digit of 142784322?
1
What is the hundred millions digit of 317948014?
3
What is the units digit of 1522523034?
4
What is the hundred thousands digit of 289703021?
7
What is the millions digit of 184208489?
4
What is the ten millions digit of 4035261377?
3
What is the hundred millions digit of 635250888?
6
What is the hundred millions digit of 531720779?
5
What is the ten thousands digit of 519012192?
1
What is the hundred millions digit of 9365135987?
3
What is the hundreds digit of 69659800?
8
What is the hundreds digit of 241231462?
4
What is the hundred thousands digit of 1053590569?
5
What is the units digit of 3750205014?
4
What is the thousands digit of 235983163?
3
What is the hundreds digit of 699975267?
2
What is the thousands digit of 67292154?
2
What is the thousands digit of 230174477?
4
What is the thousands digit of 188735100?
5
What is the thousands digit of 113562381?
2
What is the tens digit of 37298528?
2
What is the hundred thousands digit of 179764111?
7
What is the thousands digit of 1913931182?
1
What is the units digit of 20254581?
1
What is the units digit of 34111545?
5
What is the thousands digit of 131927916?
7
What is the tens digit of 1669925296?
9
What is the millions digit of 596922833?
6
What is the thousands digit of 1164475371?
5
What is the hundred thousands digit of 79293084?
2
What is the hundred millions digit of 2050709018?
0
What is the thousands digit of 68042868?
2
What is the thousands digit of 6821184?
1
What is the thousands digit of 182139493?
9
What is the hundred thousands digit of 73620072?
6
What is the ten thousands digit of 2094541928?
4
What is the hundred thousands digit of 112196153?
1
What is the millions digit of 6975641529?
5
What is the tens digit of 746942974?
7
What is the hundred thousands digit of 2883363?
8
What is the thousands digit of 90376060?
6
What is the hundreds digit of 73182285?
2
What is the hundreds digit of 293240297?
2
What is the hundred thousands digit of 1507458517?
4
What is the hundred thousands digit of 308368056?
3
What is the hundreds digit of 6394082021?
0
What is the millions digit of 41888011?
1
What is the millions digit of 317958461?
7
What is the millions digit of 569469523?
9
What is the hundred millions digit of 314929067?
3
What is the millions digit of 276858764?
6
What is the thousands digit of 3608617917?
7
What is the tens digit of 348038612?
1
What is the tens digit of 49706006?
0
What is the hundred millions digit of 6684126648?
6
What is the hundreds digit of 889223988?
9
What is the hundred thousands digit of 340259289?
2
What is the units digit of 147198010?
0
What is the hundreds digit of 763226042?
0
What is the hundred thousands digit of 3635740393?
7
What is the ten thousands digit of 163497143?
9
What is the hundreds digit of 74359080?
0
What is the ten millions digit of 59815701?
5
What is the billions digit of 3590549771?
3
What is the ten thousands digit of 175497519?
9
What is the thousands digit of 406096949?
6
What is the hundreds digit of 12179250?
2
What is the units digit of 48786557?
7
What is the ten thousands digit of 10180783?
8
What is the ten thousands digit of 14593487?
9
What is the tens digit of 1017106757?
5
What is the ten thousands digit of 89923281?
2
What is the units digit of 74018883?
3
What is the hundred thousands digit of 80431070?
4
What is the thousands digit of 26511755?
1
What is the ten thousands digit of 158298765?
9
What is the tens digit of 134683850?
5
What is the billions digit of 2685844689?
2
What is the billions digit of 5285573558?
5
What is the hundreds digit of 1540792596?
5
What is the ten millions digit of 53741734?
5
What is the ten millions digit of 476540864?
7
What is the hundred thousands digit of 317873818?
8
What is the hundred millions digit of 306240027?
3
What is the tens digit of 34158176?
7
What is the thousands digit of 113006650?
6
What is the thousands digit of 128554527?
4
What is the hundreds digit of 677794741?
7
What is the hundreds digit of 286639824?
8
What is the units digit of 1061629458?
8
What is the hundreds digit of 982548247?
2
What is the hundred thousands digit of 64093544?
0
What is the hundred thousands digit of 101600705?
6
What is the thousands digit of 462253076?
3
What is the tens digit of 96384196?
9
What is the units digit of 93731229?
9
What is the hundred thousands digit of 523486339?
4
What is the hundreds digit of 859799446?
4
What is the ten thousands digit of 5389340800?
4
What is the billions digit of 1038187151?
1
What is the tens digit of 273536600?
0
What is the ten thousands digit of 621598567?
9
What is the units digit of 183331642?
2
What is the ten millions digit of 88535368?
8
What is the ten millions digit of 159712339?
5
What is the thousands digit of 282527658?
7
What is the hundred millions digit of 3276179436?
2
What is the billions digit of 5985844382?
5
What is the hundred millions digit of 1401009128?
4
What is the thousands digit of 93460654?
0
What is the ten thousands digit of 59319290?
1
What is the thousands digit of 32031327?
1
What is the ten thousands digit of 24073547?
7
What is the ten thousands digit of 1193921199?
2
What is the hundred thousands digit of 1610020762?
0
What is the ten millions digit of 13844755?
1
What is the units digit of 18598101?
1
What is the ten thousands digit of 22671482?
7
What is the billions digit of 1142858480?
1
What is the thousands digit of 1845421467?
1
What is the tens digit of 72687009?
0
What is the ten millions digit of 13795040?
1
What is the hundred millions digit of 119930053?
1
What is the hundreds digit of 20915434?
4
What is the thousands digit of 65560465?
0
What is the hundred thousands digit of 48476376?
4
What is the ten millions digit of 772729644?
7
What is the hundred millions digit of 1325284548?
3
What is the hundred thousands digit of 185700259?
7
What is the hundred millions digit of 821388265?
8
What is the units digit of 34077592?
2
What is the ten millions digit of 251791819?
5
What is the units digit of 106011481?
1
What is the hundreds digit of 1646365262?
2
What is the billions digit of 1319604240?
1
What is the ten thousands digit of 124282973?
8
What is the hundred thousands digit of 25737559?
7
What is the hundred millions digit of 259931219?
2
What is the millions digit of 40199869?
0
What is the hundreds digit of 63569697?
6
What is the ten thousands digit of 36541903?
4
What is the thousands digit of 4809138056?
8
What is the ten thousands digit of 62863347?
6
What is the thousands digit of 150068569?
8
What is the hundreds digit of 3318454913?
9
What is the units digit of 648028700?
0
What is the millions digit of 195163294?
5
What is the hundreds digit of 129095494?
4
What is the hundred thousands digit of 44766321?
7
What is the millions digit of 17895466?
7
What is the ten thousands digit of 4525745605?
4
What is the tens digit of 23306775?
7
What is the hundreds digit of 1459912455?
4
What is the thousands digit of 348677123?
7
What is the thousands digit of 1778316421?
6
What is the hundred thousands digit of 39976323?
9
What is the ten millions digit of 36401593?
3
What is the millions digit of 580673684?
0
What is the hundreds digit of 63099159?
1
What is the hundred thousands digit of 105516807?
5
What is the hundreds digit of 2188861456?
4
What is the hundreds digit of 284834227?
2
What is the hundreds digit of 109024174?
1
What is the hundred thousands digit of 506638593?
6
What is the ten thousands digit of 106150740?
5
What is the ten millions digit of 35875286?
3
What is the ten millions digit of 11472735?
1
What is the millions digit of 64203696?
4
What is the hundred thousands digit of 8089056660?
0
What is the hundred thousands digit of 498711097?
7
What is the tens digit of 236847248?
4
What is the units digit of 7296332909?
9
What is the tens digit of 157642979